ghest common factor of p and 16?
16
Let u be (-3)/((-6)/2) + 8. Let w = 11 - u. Suppose -x - w*j - 3*j = -35, -200 = -3*x + 4*j. What is the greatest common factor of x and 24?
12
Let b be 4/(-8)*-14 + 0. Suppose 0 = -2*i + b*i + 10, -5*z - 5*i = -315. What is the highest common factor of z and 26?
13
Suppose 0 = 5*x - 4*f + 3*f - 483, -471 = -5*x - 3*f. Suppose -r - 5*i + 23 = 3*r, i + 5 = 0. What is the highest common divisor of r and x?
12
Suppose 18 = 2*c + 6. Suppose 20 + c = 2*s. Let r = s - 11. What is the greatest common factor of r and 2?
2
Let j(x) = 75*x - 62. Let r be j(4). What is the highest common factor of r and 14?
14
Let g be 18*(672/(-18))/(-8). What is the highest common divisor of g and 1680?
84
Suppose -4*k - 78 = -2*r, 8*k - 4*r = 3*k - 96. Let t = -7 - k. Calculate the highest common factor of t and 26.
13
Suppose -13*o = 4*n - 12*o - 561, -4*o = 5*n - 704. Let u(a) = a**3 + 10*a**2 + 8*a + 5. Let z be u(-9). Calculate the highest common factor of z and n.
14
Let a = 646 + -316. What is the greatest common divisor of 30 and a?
30
Let o be (-3 - 7)*(1 - 6). Calculate the greatest common divisor of 70 and o.
10
Suppose 64 = 10*i + 4. Suppose -3*o + 68 = -4. What is the highest common factor of o and i?
6
Let f(g) = 7*g - 2. Let u be f(4). Let w = 156 + u. Suppose -6*r + 8*r = w. Calculate the highest common factor of r and 13.
13
Suppose 168 = 863*r - 856*r. What is the greatest common divisor of 40 and r?
8
Suppose 2*g = -0*g + 10. Let h be 1892/187 + 2/(-17). What is the highest common divisor of h and g?
5
Suppose 3*o = 19*a - 14*a + 332, 0 = 2*o + 4*a - 192. What is the greatest common factor of o and 40?
8
Suppose -69 = -j - 20. Suppose 0 = f + 8 + 28. Let z = f - -43. Calculate the greatest common factor of z and j.
7
Suppose 0 = -4*x - 6*x - 330. Let f = x + 57. What is the highest common divisor of f and 60?
12
Let t be 6*(9/6 - 1). Let o = 3 - t. Suppose o*c + 87 = 3*c. Calculate the highest common divisor of 29 and c.
29
Let a = -11 + 13. Let d(l) = -2 + 2 - 4 + 5*l + 0*l**a + 2*l**2. Let i be d(-4). Calculate the greatest common factor of i and 1.
1
Suppose 0 = 3*c + 2*c + 75. Let s(a) = 11*a - 13. Let f(q) = -6*q + 6. Let b(z) = c*f(z) - 6*s(z). Let d be b(6). What is the highest common factor of 22 and d?
22
Let h(r) = 12*r - 18. Let d(n) = -2*n - 2*n + 0*n + 0*n + 6. Let i(v) = -7*d(v) - 2*h(v). Let a be i(2). What is the greatest common divisor of a and 16?
2
Suppose 0 = -7*m + 232 - 64. Suppose 3*b + 6 = m. Calculate the highest common divisor of b and 4.
2
Suppose 38 = 4*t - 58. Let h = -35 + t. Let f = -10 - h. Calculate the greatest common divisor of f and 11.
1
Let j(x) = -10*x - 179. Let g be j(-18). What is the greatest common divisor of 1 and g?
1
Suppose p = -4*p + 15, 2*p - 186 = -4*g. Suppose 11*z = 12*z - g. Calculate the highest common divisor of 5 and z.
5
Let z(w) = -w**2 + w. Let x be z(0). Suppose x = -2*k + 7*k. Suppose -4*s - 28 = -3*v - k*s, 5*s + 2 = v. What is the highest common factor of 12 and v?
12
Let s be ((-99)/(-15))/(3 - (-56)/(-20)). What is the highest common factor of 55 and s?
11
Let m(r) = r**3 - 12*r**2 + 14*r - 7. Let n be m(11). Suppose 3*h + 46 = 8*h + 3*l, -h = -5*l - n. Calculate the greatest common factor of 88 and h.
11
Let b = -361 - -425. Calculate the greatest common divisor of b and 6.
2
Suppose 130 = 25*m + m. Let g be 3 - (1 + -2) - 2. Calculate the greatest common factor of m and g.
1
Suppose -21*x + 6 = -24*x, 199 = 5*k - 2*x. What is the highest common factor of 312 and k?
39
Suppose 15*y - 336 = -27*y. Suppose -2*w - 3 + 11 = 0. Suppose w*j - 167 = j - l, 3*j = 3*l + 171. What is the greatest common factor of y and j?
8
Let m be -6 + (-64)/(-12) - (-215)/3. Let w = 60 - 37. Suppose w = -2*h + m. Calculate the highest common divisor of h and 60.
12
Suppose -2*g - 2 = k - 3*g, 3*g = 12. Let u be 80/(-25)*(-15)/k. Let d = -48 + 84. Calculate the highest common divisor of u and d.
12
Let b = 3 + 21. Let z = -62 + 70. What is the highest common factor of z and b?
8
Let u be (-3 - (-5 + 1))*2/2. What is the greatest common divisor of u and 16?
1
Let g be 3 + 115/35 - 4/14. Calculate the greatest common divisor of 30 and g.
6
Let b(q) = -21*q**2 - 204*q + 2. Let o be b(-6). Calculate the greatest common divisor of 10 and o.
10
Suppose 0 = 4*x + 26 - 10. Let a be 2*(-2)/4 - x. Suppose -2*j - 258 = -2*r, -3*j - 12 = -a. Calculate the greatest common factor of r and 14.
14
Suppose 6*i = 262 - 100. Suppose 0 = -2*a - 5*b + 5 - 32, 129 = -4*a + 5*b. Let w = a + i. Calculate the highest common divisor of 1 and w.
1
Let f = 34 - -175. Suppose f = 9*t - 25. Calculate the highest common divisor of 13 and t.
13
Suppose -5*x + 756 + 134 = 4*f, 3*x - 521 = -5*f. What is the highest common divisor of 14 and x?
14
Let a(u) = u**2 - u + 135. Let p be a(0). Let n = 192 - p. Let q(y) = -y**3 + 8*y**2 - 6*y + 2. Let s be q(6). Calculate the greatest common divisor of s and n.
19
Let c = 68 + -43. Let b(s) = -44*s**2 - 2*s. Let i be b(2). Let x = i + 305. What is the highest common factor of x and c?
25
Suppose -4*d + 53 = 713. Let q = d + 251. Suppose 3*h - 3*w - 54 = 0, -5*h - w = -4*w - q. Calculate the highest common factor of 112 and h.
16
Let h = 2529 - 956. Calculate the highest common divisor of 26 and h.
13
Suppose 0 = -3*h + 39 + 9. Calculate the greatest common divisor of 12 and h.
4
Let t = -17 + 149. Calculate the highest common divisor of t and 110.
22
Let d(a) = 4*a**2. Let c be d(1). Let z = 13 - 7. Let i be -4*1*z/(-4). Calculate the greatest common factor of i and c.
2
Let r be 1/3 + 175/15. Suppose 4*z - z = r. Suppose c - z*b - 3 = 0, 2*c - 2*b - 3 - 3 = 0. Calculate the highest common factor of c and 21.
3
Suppose -3*y = -16*y + 26. Calculate the greatest common factor of 1 and y.
1
Suppose -192 = -i + 908. What is the highest common divisor of 132 and i?
44
Suppose 4*b = 5*d + 137 - 437, -d + 2*b + 54 = 0. Let t(x) = 0 + 0 + 1 + 35*x - 4. Let p be t(1). What is the highest common divisor of d and p?
32
Let o(i) = -7*i + 1. Let u be o(-2). Suppose -120 = 12*c - 13*c. What is the greatest common divisor of c and u?
15
Suppose 0 = -2*g + 2, 4*k - 23*g = -24*g + 14833. Calculate the greatest common factor of k and 36.
36
Suppose 3*q = 5*n + 34, -5*q + q + 12 = 0. Let h be -7 + n - -4*1. Let v be (h/10)/((-4)/110). Calculate the highest common divisor of 22 and v.
22
Let o = 45 - 101. Let c = -55 - o. What is the greatest common factor of c and 1?
1
Let d = -108 + 98. Let q(j) = -2*j**3 - 20*j**2 - 2*j - 16. Let o be q(d). Calculate the highest common divisor of o and 36.
4
Let j(y) = -6*y - 20. Let p(q) = 2*q + 7. Let h(t) = -3*j(t) - 8*p(t). Let n be h(0). Suppose 0 = -6*i - n + 16. What is the greatest common divisor of 1 and i?
1
Let h(f) = -2*f - 9. Let d be h(-8). Suppose 210 = 4*i - i. Suppose m - i = -4*m. What is the highest common divisor of m and d?
7
Let j be (-6)/8 - (-1001)/44. Calculate the highest common factor of 407 and j.
11
Let f(s) = s**3 + s**2 - 2*s + 140. Let u be f(0). Let w be 60/(0 + 6/4). What is the highest common divisor of u and w?
20
Let n be (2 - 0) + 24/3. Let p be 4/n + 4552/20. Suppose 12 = 5*y - p. Calculate the greatest common factor of 24 and y.
24
Let o = -25 - -280. Calculate the greatest common factor of 17 and o.
17
Let b(h) = h**3 + 2*h**2 + h - 23. Let g be b(0). Let y = 42 - 14. Let c = g + y. Calculate the highest common factor of 55 and c.
5
Let p = -3 + 5. Let f be ((-4)/(-10))/((-714)/240 - -3). Calculate the highest common factor of p and f.
2
Let p be -1*((-1)/1 + -28). Suppose p + 19 = 6*i. Calculate the highest common factor of i and 88.
8
Let w(d) = d**3 - 10*d**2 + 12*d + 6. Let p be w(9). What is the greatest common factor of 33 and p?
33
Suppose -6 = b - 56. Suppose b = 4*m + m - 5*g, 4*m = -5*g + 58. Suppose 10 = 2*l - m. Calculate the greatest common divisor of 110 and l.
11
Suppose -41*m + 32*m + 675 = 0. What is the greatest common factor of 5 and m?
5
Let y = -677 + 691. Calculate the highest common divisor of 182 and y.
14
Let d(h) = -h**3 + 4*h - 1. Let j be (2/6)/((-2)/18). Let b be (3 + j)/2 + -3. Let u be d(b). What is the highest common factor of 35 and u?
7
Let g = -36 - -68. Let f be (g/20